{"id":29444,"date":"2025-11-27T16:39:11","date_gmt":"2025-11-27T13:39:11","guid":{"rendered":"https:\/\/kullanatcarsi.com\/?post_type=product&#038;p=29444"},"modified":"2026-01-03T12:01:13","modified_gmt":"2026-01-03T09:01:13","slug":"luks-plastik-seffaf-catal-100lu","status":"publish","type":"product","link":"https:\/\/kullanatcarsi.com\/en\/product\/luks-plastik-seffaf-catal-100lu\/","title":{"rendered":"L\u00fcks Plastik \u015eeffaf \u00c7atal 100&#8217;l\u00fc"},"content":{"rendered":"<p>Tek kullan\u0131ml\u0131k L\u00fcks Plastik \u015eeffaf \u00c7atal.\u00a0 Kaliteli l\u00fcks plastik \u00c7atal\u00a0kal\u0131nd\u0131r.\u00a0G\u0131da ile temasa uygun plastikten \u00fcretilmi\u015ftir.<\/p>\n<p>\u015eeffaf ve Siyah renk olarak mevcuttur.<\/p>\n<p>Dayan\u0131kl\u0131 bir \u00fcr\u00fcnd\u00fcr. \u00d6zellikle et, pide vs. gibi plastik \u00e7atal ve b\u0131\u00e7a\u011f\u0131n k\u0131r\u0131lmamas\u0131 gereken durumlar i\u00e7in uygundur.<\/p>","protected":false},"excerpt":{"rendered":"<p>Tek kullan\u0131ml\u0131k L\u00fcks Plastik \u015eeffaf \u00c7atal.\u00a0 Kaliteli l\u00fcks plastik \u00c7atal\u00a0kal\u0131nd\u0131r.\u00a0G\u0131da ile temasa uygun plastikten \u00fcretilmi\u015ftir. \u015eeffaf ve Siyah renk olarak<\/p>","protected":false},"featured_media":29860,"comment_status":"open","ping_status":"closed","template":"","meta":{"_joinchat":[]},"product_brand":[137],"product_cat":[87,33],"product_tag":[336,314,337,335,305,121,315,313,333,107,334],"class_list":{"0":"post-29444","1":"product","2":"type-product","3":"status-publish","4":"has-post-thumbnail","6":"product_brand-irmak-ambalaj","7":"product_cat-plastik-catal-bicak-ve-kasiklar","8":"product_cat-tamamlayici-urunler","9":"product_tag-ekonomik-plastik-catal","10":"product_tag-kullanat-catal","11":"product_tag-luks-seffaf-plastik-catal","12":"product_tag-plastik-catal","13":"product_tag-plastik-catal-bicak","14":"product_tag-plastik-catal-bicak-ve-kasiklar","15":"product_tag-plastik-catal-fiyatlari","16":"product_tag-plastik-luks-catal","17":"product_tag-plastik-seffaf-catal","18":"product_tag-tamamlayici-urunler","19":"product_tag-tek-kullanimlik-kaliteli-catal","20":"tm-has-styled-variations","21":"tm-variations-only","23":"first","24":"instock","25":"taxable","26":"shipping-taxable","27":"purchasable","28":"product-type-variable","29":"has-default-attributes"},"_links":{"self":[{"href":"https:\/\/kullanatcarsi.com\/en\/wp-json\/wp\/v2\/product\/29444","targetHints":{"allow":["GET"]}}],"collection":[{"href":"https:\/\/kullanatcarsi.com\/en\/wp-json\/wp\/v2\/product"}],"about":[{"href":"https:\/\/kullanatcarsi.com\/en\/wp-json\/wp\/v2\/types\/product"}],"replies":[{"embeddable":true,"href":"https:\/\/kullanatcarsi.com\/en\/wp-json\/wp\/v2\/comments?post=29444"}],"version-history":[{"count":0,"href":"https:\/\/kullanatcarsi.com\/en\/wp-json\/wp\/v2\/product\/29444\/revisions"}],"wp:featuredmedia":[{"embeddable":true,"href":"https:\/\/kullanatcarsi.com\/en\/wp-json\/wp\/v2\/media\/29860"}],"wp:attachment":[{"href":"https:\/\/kullanatcarsi.com\/en\/wp-json\/wp\/v2\/media?parent=29444"}],"wp:term":[{"taxonomy":"product_brand","embeddable":true,"href":"https:\/\/kullanatcarsi.com\/en\/wp-json\/wp\/v2\/product_brand?post=29444"},{"taxonomy":"product_cat","embeddable":true,"href":"https:\/\/kullanatcarsi.com\/en\/wp-json\/wp\/v2\/product_cat?post=29444"},{"taxonomy":"product_tag","embeddable":true,"href":"https:\/\/kullanatcarsi.com\/en\/wp-json\/wp\/v2\/product_tag?post=29444"}],"curies":[{"name":"wp","href":"https:\/\/api.w.org\/{rel}","templated":true}]}}

Lüks Plastik Şeffaf Çatal 100&#8217;lü

<p>Tek kullanımlık Lüks Plastik Şeffaf Çatal.  Kaliteli lüks plastik Çatal kalındır. Gıda ile temasa uygun plastikten üretilmiştir.</p>
<p>Şeffaf ve Siyah renk olarak mevcuttur.</p>
<p>Dayanıklı bir üründür. Özellikle et, pide vs. gibi plastik çatal ve bıçağın kırılmaması gereken durumlar için uygundur.</p>

<p>Tek kullanımlık Lüks Plastik Şeffaf Çatal.  Kaliteli lüks plastik Çatal kalındır. Gıda ile temasa uygun plastikten üretilmiştir. Şeffaf ve Siyah renk olarak</p>
